2?
4
What is the tens digit of 2649501?
0
What is the tens digit of 394866?
6
What is the hundreds digit of 22003559?
5
What is the thousands digit of 96246?
6
What is the tens digit of 13488017?
1
What is the thousands digit of 517117?
7
What is the tens digit of 10018465?
6
What is the thousands digit of 12031988?
1
What is the ten thousands digit of 29578772?
7
What is the hundred thousands digit of 1239236?
2
What is the hundred thousands digit of 616950?
6
What is the tens digit of 334944?
4
What is the tens digit of 2016616?
1
What is the hundreds digit of 3551989?
9
What is the tens digit of 1839448?
4
What is the ten thousands digit of 321424?
2
What is the hundred thousands digit of 21326179?
3
What is the tens digit of 1688194?
9
What is the tens digit of 15238682?
8
What is the thousands digit of 1046898?
6
What is the hundred thousands digit of 137668?
1
What is the ten thousands digit of 556224?
5
What is the thousands digit of 7655292?
5
What is the units digit of 5708472?
2
What is the ten thousands digit of 637055?
3
What is the hundreds digit of 10837736?
7
What is the ten thousands digit of 555863?
5
What is the units digit of 376682?
2
What is the units digit of 5217080?
0
What is the hundreds digit of 9361536?
5
What is the ten thousands digit of 15981858?
8
What is the hundred thousands digit of 3641579?
6
What is the thousands digit of 17867520?
7
What is the tens digit of 167056?
5
What is the tens digit of 4820407?
0
What is the millions digit of 4564069?
4
What is the thousands digit of 4858633?
8
What is the thousands digit of 3044055?
4
What is the hundred thousands digit of 135522?
1
What is the hundred thousands digit of 2674284?
6
What is the tens digit of 4761451?
5
What is the thousands digit of 143449?
3
What is the hundred thousands digit of 37531780?
5
What is the tens digit of 6569111?
1
What is the tens digit of 1116322?
2
What is the hundreds digit of 578649?
6
What is the ten thousands digit of 6397898?
9
What is the hundred thousands digit of 449399?
4
What is the units digit of 4387468?
8
What is the ten thousands digit of 879458?
7
What is the tens digit of 18425963?
6
What is the ten thousands digit of 43391?
4
What is the millions digit of 1337986?
1
What is the ten thousands digit of 3118748?
1
What is the hundreds digit of 1315661?
6
What is the hundred thousands digit of 1604786?
6
What is the tens digit of 119857?
5
What is the ten thousands digit of 3850587?
5
What is the hundreds digit of 943657?
6
What is the thousands digit of 78974?
8
What is the millions digit of 7842100?
7
What is the thousands digit of 1981536?
1
What is the hundreds digit of 1314994?
9
What is the tens digit of 258339?
3
What is the thousands digit of 6281166?
1
What is the units digit of 2711309?
9
What is the millions digit of 27924525?
7
What is the hundred thousands digit of 8751570?
7
What is the hundreds digit of 2322106?
1
What is the hundreds digit of 1915189?
1
What is the tens digit of 3039571?
7
What is the units digit of 234670?
0
What is the units digit of 8986358?
8
What is the hundred thousands digit of 1125868?
1
What is the hundred thousands digit of 7786465?
7
What is the tens digit of 29832123?
2
What is the ten thousands digit of 1939225?
3
What is the hundred thousands digit of 7860213?
8
What is the ten millions digit of 13208911?
1
What is the tens digit of 370745?
4
What is the thousands digit of 96808?
6
What is the units digit of 681505?
5
What is the hundred thousands digit of 3632957?
6
What is the hundreds digit of 1413118?
1
What is the millions digit of 8672354?
8
What is the ten millions digit of 13673967?
1
What is the ten thousands digit of 2152119?
5
What is the ten thousands digit of 7207923?
0
What is the tens digit of 6011804?
0
What is the ten thousands digit of 16554840?
5
What is the ten thousands digit of 2071662?
7
What is the ten thousands digit of 654028?
5
What is the units digit of 18924533?
3
What is the tens digit of 540956?
5
What is the hundred thousands digit of 3253255?
2
What is the millions digit of 2956397?
2
What is the ten thousands digit of 8094622?
9
What is the thousands digit of 91010?
1
What is the thousands digit of 212525?
2
What is the tens digit of 2628551?
5
What is the units digit of 23528?
8
What is the thousands digit of 1550970?
0
What is the hundreds digit of 9717799?
7
What is the hundreds digit of 2052799?
7
What is the millions digit of 7128739?
7
What is the hundreds digit of 284303?
3
What is the tens digit of 2735131?
3
What is the thousands digit of 102911?
2
What is the hundred thousands digit of 844051?
8
What is the hundred thousands digit of 582542?
5
What is the hundreds digit of 12121236?
2
What is the tens digit of 1354483?
8
What is the hundred thousands digit of 832222?
8
What is the ten millions digit of 18326033?
1
What is the tens digit of 2577153?
5
What is the hundreds digit of 1162458?
4
What is the tens digit of 520184?
8
What is the ten thousands digit of 1687049?
8
What is the units digit of 847204?
4
What is the thousands digit of 740937?
0
What is the millions digit of 4103325?
4
What is the thousands digit of 120118?
0
What is the ten thousands digit of 229254?
2
What is the ten millions digit of 15837245?
1
What is the hundreds digit of 2680893?
8
What is the thousands digit of 28968412?
8
What is the units digit of 3138778?
8
What is the ten thousands digit of 9271547?
7
What is the hundred thousands digit of 22689787?
6
What is the hundred thousands digit of 153823?
1
What is the hundreds digit of 1042624?
6
What is the tens digit of 9442413?
1
What is the tens digit of 6779784?
8
What is the hundreds digit of 1100?
1
What is the tens digit of 3438148?
4
What is the hundred thousands digit of 332875?
3
What is the tens digit of 1420822?
2
What is the thousands digit of 286593?
6
What is the hundred thousands digit of 512908?
5
What is the thousands digit of 14202678?
2
What is the ten thousands digit of 10269810?
6
What is the tens digit of 86915?
1
What is the units digit of 1626540?
0
What is the units digit of 4414112?
2
What is the hundreds digit of 230037?
0
What is the hundreds digit of 4065474?
4
What is the tens digit of 473516?
1
What is the hundred thousands digit of 12361395?
3
What is the hundred thousands digit of 660655?
6
What is the units digit of 40593?
3
What is the units digit of 5408987?
7
What is the units digit of 5795?
5
What is the hundred thousands digit of 180269?
1
What is the hundreds digit of 8905073?
0
What is the tens digit of 1302006?
0
What is the tens digit of 81169?
6
What is the thousands digit of 13116833?
6
What is the ten thousands digit of 442935?
4
What is the hundreds digit of 391641?
6
What is the hundreds digit of 1042447?
4
What is the ten thousands digit of 214248?
1
What is the thousands digit of 504006?
4
What is the millions digit of 18962122?
8
What is the tens digit of 175778?
7
What is the units digit of 897363?
3
What is the hundreds digit of 945281?
2
What is the hundred thousands digit of 2469567?
4
What is the tens digit of 4828258?
5
What is the units digit of 252719?
9
What is the thousands digit of 179476?
9
What is the ten thousands digit of 357240?
5
What is the thousands digit of 3954790?
4
What is the tens digit of 6802380?
8
What is the millions digit of 1811610?
1
What is the tens digit of 382780?
8
What is the hundreds digit of 2404158?
1
What is the ten thousands digit of 19904723?
0
What is the thousands digit of 18015225?
5
What is the ten thousands digit of 57637?
5
What is the hundred thousands digit of 6840856?
8
What is the hundreds digit of 11891185?
1
What is the tens digit of 432456?
5
What is the units digit of 6250878?
8
What is the millions digit of 17361188?
7
What is the millions digit of 5096023?
5
What is the tens digit of 35396?
9
What is the units digit of 168742?
2
What is the hundreds digit of 389565?
5
What is the thousands digit of 299575?
9
What is the units digit of 99146?
6
What is the hundreds digit of 781973?
9
What is the thousands digit of 1926125?
6
What is the hundreds digit of 188484?
4
What is the ten thousands digit of 2041852?
4
What is the units digit of 905450?
0
What is the hundred thousands digit of 205400?
2
